ivisor of w and 9.
9
Suppose 3*w + 16 = 5*w + 4*q, -20 = -3*w - 4*q. Suppose -5*f = w*d + 17, d - 4*d = -5*f - 31. What is the greatest common factor of 6 and d?
2
Suppose -g + 96 - 33 = 0. What is the greatest common divisor of g and 7?
7
Let z be 3*(160/(-6))/(-2). Suppose -2*c = 2*s - s - z, 2*s = 0. What is the highest common divisor of 180 and c?
20
Suppose -40 = -n - n. Let z = n + -14. Suppose k + p - z*p - 13 = 0, -5*p + 15 = 0. Calculate the greatest common factor of 14 and k.
14
Suppose 6*b - 2*b - 8 = 0. Suppose g + 2*j = -2*j + 140, -134 = -g - b*j. Calculate the highest common divisor of 16 and g.
16
Let o = 18 + 15. Suppose -3*g - 4*u = 13, 0 = 5*g - 2*u - 15 + 2. Suppose -8 - g = -3*b. What is the greatest common divisor of b and o?
3
Suppose 42 = 2*t - t. Suppose 2*f - 3*y - 54 = 0, -y - 41 = -f + 4*y. What is the highest common factor of t and f?
21
Suppose 0 = 6*u - 4*u - 374. What is the highest common divisor of u and 17?
17
Let a = 110 + -102. Calculate the greatest common divisor of a and 232.
8
Suppose -3*u = 2*f - 30, 2*u = -2*u + f + 29. Calculate the highest common factor of 2 and u.
2
Let l = -68 - -115. Suppose -194 = -3*u - l. Let g = 4 + 3. Calculate the highest common factor of u and g.
7
Let l be 97 - (-2 + -4 + 4). What is the greatest common factor of l and 9?
9
Suppose -n + 12 = -0. Let l(j) = j. Let t(i) = -i**2 + 7*i + 6. Let q(u) = 4*l(u) - t(u). Let r be q(5). What is the greatest common factor of n and r?
4
Let f be 7/((-70)/572)*-5. What is the highest common factor of 26 and f?
26
Let m = -521 + 526. Let j(t) = t + 25. Let l be j(0). What is the highest common divisor of m and l?
5
Let k be (12/9)/((-3)/(-9)). Suppose f = -k*c + 20, -2*f + 16 = 3*c + c. Let u = -61 - -85. What is the highest common divisor of u and c?
6
Let t = 49 + -33. Let l be (-20)/30*(-300 - 0). Suppose 3*q + 2*q = l. What is the highest common factor of t and q?
8
Let w = 17 - 12. Let y be 6*(2 + -2 + w). What is the greatest common factor of 6 and y?
6
Let f = 57 + -52. Calculate the greatest common factor of f and 55.
5
Suppose -3*z = -0*z - 3. Let l be ((-5)/(-2) - z)*2. Suppose -4*y + 56 = l*h - 2*y, 0 = -5*h + y + 89. Calculate the highest common divisor of 18 and h.
18
Let g(v) be the first derivative of -v**3/3 + 4*v**2 + 5*v - 5. Let n be g(8). What is the greatest common factor of n and 1?
1
Let a = 1 + 1. Suppose 3*z - a = 34. Calculate the greatest common factor of z and 3.
3
Let d(h) = -h + 14. Let j be d(5). Calculate the highest common factor of 18 and j.
9
Suppose -2*l + 4*z = -0*l - 282, 3*z = -3*l + 432. Suppose 5*a + 4*y - 85 = -12, 3*a - 31 = 4*y. What is the highest common divisor of a and l?
13
Let k be (-9)/2*(-8)/12. Suppose l = 1 + k. Suppose l*j + 11 = 5*j. Calculate the highest common divisor of 1 and j.
1
Let d be (-4)/(-18) - (1281/27)/(-7). What is the highest common divisor of d and 203?
7
Let m(z) = -3*z - 12. Let t be m(-5). Let b be t - (5 - (-1 - -5)). What is the highest common divisor of 14 and b?
2
Suppose -2 = -2*f + 4. Suppose 0 = f*z - 8*z + 65. Calculate the highest common factor of 143 and z.
13
Let d be -10 + 16 - (-3 - -1). What is the highest common factor of d and 88?
8
Let s(a) = -12*a + 8*a + 4*a**2 + a**3 + a**2. Let g be s(-5). What is the greatest common divisor of 4 and g?
4
Let p(a) = -a**3 + 6*a**2 - 2*a - 2. Let w be p(4). What is the highest common factor of 242 and w?
22
Suppose 0 = -2*j + 3 + 1. Suppose k - 12 = -j*b, -3*k - b - 104 = -8*k. Let o = k + -12. Calculate the greatest common divisor of o and 72.
8
Let u(o) = -o**2 + 5*o + 6. Let g be u(5). Let j = -8 + 14. What is the greatest common divisor of j and g?
6
Let r be 154/(-21)*-3*1. Let p(h) be the second derivative of -h**3/6 + 4*h**2 + 2*h. Let x be p(6). What is the highest common factor of x and r?
2
Suppose -3*i = i - 32. Let w = i + -3. Calculate the highest common factor of w and 1.
1
Suppose 3*j + 0 = -o + 2, -4*o - 18 = -j. Suppose 2*u - 5*c = 49, j*u + 51 = 5*u - 3*c. Calculate the greatest common factor of u and 3.
3
Let x = 7 - 5. Let q be 1*(-70)/(x + -3). What is the greatest common factor of 10 and q?
10
Let k(g) = -g - 3. Let r be k(-14). Suppose r - 6 = x. What is the greatest common factor of 20 and x?
5
Let w = 2 - 1. Suppose 5*k - 2 = -4*p, k - 8 = -2*p + 2*k. Suppose 0*z - p = -3*z. What is the highest common divisor of z and w?
1
Let t(k) = k**3 - k**2 - k + 8. Let g = 1 - 1. Let b be t(g). Let a(h) = h**3 - h**2 - h + 2. Let i be a(0). Calculate the highest common divisor of b and i.
2
Let n = 12 - 2. Let r = -23 - -33. Calculate the greatest common factor of r and n.
10
Let q = -6 - -9. Suppose -13 = -3*w + 2*t + q, 5*w = t + 29. What is the highest common factor of w and 3?
3
Let a be (-375)/(-10) + 3/(-2). Calculate the highest common divisor of a and 108.
36
Let d be (-2)/4 + -1 + (-63)/(-6). Calculate the greatest common divisor of 3 and d.
3
Let a(v) = -v**3 + 6*v**2 - 6*v. Let i(b) = b**3 - 9*b**2 + b - 5. Let t be i(9). Let g be a(t). Calculate the greatest common divisor of 20 and g.
4
Let g = 10 + -7. Suppose -2 = 4*j - 2*i, g*j - 5*i + 8 = -4. Let n be 18 + (-4 - -2 - j). What is the highest common factor of 10 and n?
5
Suppose -352 = -18*u - 118. Suppose -4*k + 7*n - 2*n + 939 = 0, -15 = 5*n. Let f be 2/6 - k/(-9). Calculate the highest common factor of f and u.
13
Suppose 2*r = 12 + 2. Suppose -4*q + r + 5 = 0. What is the highest common factor of q and 2?
1
Let o = 36 + -21. What is the greatest common divisor of o and 120?
15
Let p(s) = s**2 - 5*s - 3. Let r = 3 - -3. Let t be p(r). Suppose -t*h = -j + 5*j - 39, 5*h = 4*j - 63. Calculate the greatest common divisor of 96 and j.
12
Let z be (1/2*-2)/(1/(-6)). Let f(u) = -u**3 + 10*u**2 - 12*u + 10. Let k be f(8). What is the highest common factor of k and z?
6
Suppose 4*o - 63 = 17. What is the greatest common divisor of 100 and o?
20
Let k be (-2)/(1 - 26/22). Suppose 3*q + 5*p - 272 = 0, 8 = 3*p + 23. Calculate the greatest common divisor of q and k.
11
Let m(r) = 24*r**3 + r**2. Let q be m(1). Let p = -347 - -622. What is the greatest common divisor of q and p?
25
Let q(i) = -3*i + 6. Let t be q(7). Let g be (-2 + (-36)/t)*45. Suppose -f + 4*b - 3 = -32, -b - 221 = -5*f. Calculate the greatest common factor of f and g.
9
Let b = 6 - 4. Suppose n + b - 4 = 0. Let x be ((-2)/3)/(n/(-42)). Calculate the greatest common factor of 126 and x.
14
Let u = 2 + -3. Let d be (u - -1 - 9)*-9. Calculate the highest common divisor of 9 and d.
9
Let x be 1/3 - 58/(-6). Calculate the greatest common factor of x and 2.
2
Suppose -y + 50 = -0*l + 3*l, 5*y = 3*l - 20. Let w(a) = -33*a. Let v be w(-5). What is the highest common factor of v and l?
15
Let u be 7176/40 - (-6)/10. What is the greatest common factor of 20 and u?
20
Suppose -2*r = -2*q + 14, 4*q + r = -q + 5. Suppose -5*z = f - 85, 4 = z - f - 7. What is the highest common factor of q and z?
2
Let g be (-105)/(-14)*4/3. What is the highest common factor of g and 5?
5
Let r(i) = i**3 + 5*i**2 + 5*i. Let j be r(-4). Let x(d) = -20*d - 5. Let c be x(j). What is the greatest common factor of 15 and c?
15
Let r be (-15 + 19)/(1 + 1). Calculate the highest common divisor of r and 14.
2
Let z(c) = c**3 - 4*c**2 - 3*c - 2. Let d be z(5). Calculate the greatest common divisor of d and 2.
2
Let x = -76 - -106. What is the greatest common factor of 75 and x?
15
Let v = 1 - -17. What is the highest common factor of v and 54?
18
Suppose -3*k + 190 = 2*k. Let s(m) = 4*m**2 - 2*m + 57. Let u be s(0). What is the highest common factor of u and k?
19
Let d(p) = p**3 - 4*p**2 - 2*p + 7. Let g be d(3). Let q = g + 18. Calculate the highest common factor of q and 10.
10
Suppose -3*l + c + 271 = 58, 2*c - 366 = -5*l. Suppose 0 = -q + 2*q - 6. Let x = 15 - q. What is the highest common divisor of l and x?
9
Let i be 110/15 - 2/6. What is the greatest common divisor of i and 56?
7
Suppose 0 = 6*r - r - 110. Suppose 5*x = 2*k + 29 - 98, 4*k = 5*x + 113. Calculate the highest common divisor of k and r.
22
Suppose -x = 4*l - 305, 2*x = -l - 0*l + 71. What is the highest common factor of l and 7?
7
Suppose -m + 5*p + 3 = -0*p, 15 = 5*m - 4*p. Let z(w) = -8*w**3 + w**2 + 2. Let h be z(2). Let n = -31 - h.